{"id":9219,"date":"2022-06-20T21:35:50","date_gmt":"2022-06-20T18:35:50","guid":{"rendered":"https:\/\/noki.com.tr\/urun\/6090-elegant-cerceve-manyetik-yuzeyli-teleskopik-ayakli-f-chartli-beyaz-yazi-tahtasi\/"},"modified":"2022-06-20T21:35:50","modified_gmt":"2022-06-20T18:35:50","slug":"6090-elegant-cerceve-manyetik-yuzeyli-teleskopik-ayakli-f-chartli-beyaz-yazi-tahtasi","status":"publish","type":"urun","link":"https:\/\/noki.com.tr\/index.php\/urun\/6090-elegant-cerceve-manyetik-yuzeyli-teleskopik-ayakli-f-chartli-beyaz-yazi-tahtasi\/","title":{"rendered":"60*90 ELEGANT \u00c7ER\u00c7EVE MANYET\u0130K Y\u00dcZEYL\u0130 TELESKOP\u0130K AYAKLI F.CHARTLI BEYAZ YAZI TAHTASI"},"content":{"rendered":"<p>Marka ad\u0131 Interpano. Noki&#8217;de INT-619-3F kodu ile kay\u0131tl\u0131d\u0131r. 60*90 \u00f6l\u00e7\u00fcs\u00fcndedir. Rengi Beyaz.<\/p>","protected":false},"excerpt":{"rendered":"<p>60*90 Elegant \u00c7er\u00e7eve Manyetik Y\u00fczeyli Teleskopik Ayakl\u0131 F.chartl\u0131 Beyaz Yaz\u0131 Tahtas\u0131<\/p>\n","protected":false},"featured_media":8878,"template":"","katalog":[309],"markalar":[11],"class_list":["post-9219","urun","type-urun","status-publish","has-post-thumbnail","hentry","katalog-elegant-cerceveli-teleskopik-ayakli-flip-chartli-manyetik-yuzeyli-yazi-tahtalari","markalar-interpano"],"acf":[],"_links":{"self":[{"href":"https:\/\/noki.com.tr\/index.php\/wp-json\/wp\/v2\/urun\/9219","targetHints":{"allow":["GET"]}}],"collection":[{"href":"https:\/\/noki.com.tr\/index.php\/wp-json\/wp\/v2\/urun"}],"about":[{"href":"https:\/\/noki.com.tr\/index.php\/wp-json\/wp\/v2\/types\/urun"}],"wp:featuredmedia":[{"embeddable":true,"href":"https:\/\/noki.com.tr\/index.php\/wp-json\/wp\/v2\/media\/8878"}],"wp:attachment":[{"href":"https:\/\/noki.com.tr\/index.php\/wp-json\/wp\/v2\/media?parent=9219"}],"wp:term":[{"taxonomy":"katalog","embeddable":true,"href":"https:\/\/noki.com.tr\/index.php\/wp-json\/wp\/v2\/katalog?post=9219"},{"taxonomy":"markalar","embeddable":true,"href":"https:\/\/noki.com.tr\/index.php\/wp-json\/wp\/v2\/markalar?post=9219"}],"curies":[{"name":"wp","href":"https:\/\/api.w.org\/{rel}","templated":true}]}}

60*90 ELEGANT ÇERÇEVE MANYETİK YÜZEYLİ TELESKOPİK AYAKLI F.CHARTLI BEYAZ YAZI TAHTASI

<p>Marka adı Interpano. Noki&#8217;de INT-619-3F kodu ile kayıtlıdır. 60*90 ölçüsündedir. Rengi Beyaz.</p>

<p>60*90 Elegant Çerçeve Manyetik Yüzeyli Teleskopik Ayaklı F.chartlı Beyaz Yazı Tahtası</p>
